factor of 4051982?
False
Does 16 divide 12339?
False
Does 94 divide 96983?
False
Is 2 a factor of 952?
True
Is 903209 a multiple of 9?
False
Does 20 divide 1012880?
True
Is 12 a factor of 6100812?
True
Is 928 a factor of 15290710?
False
Is 272279 a multiple of 4?
False
Is 11 a factor of 4471610?
True
Is 155 a factor of 132612?
False
Is 1773301 a multiple of 9?
False
Is 307672 a multiple of 260?
False
Is 416 a factor of 4437056?
True
Does 29 divide 406696?
True
Does 36 divide 93312?
True
Is 12034572 a multiple of 519?
True
Is 64 a factor of 3400823?
False
Is 108 a factor of 18986076?
True
Is 27 a factor of 335529?
True
Does 41 divide 29844638?
True
Is 200 a factor of 173800?
True
Is 3491525 a multiple of 848?
False
Is 18 a factor of 3988147?
False
Is 5 a factor of 617823?
False
Is 11 a factor of 361229?
True
Is 10280631 a multiple of 14?
False
Does 91 divide 368141?
False
Is 11 a factor of 171421?
False
Does 3 divide 6564?
True
Is 968218 a multiple of 34?
True
Does 27 divide 442463?
False
Is 98 a factor of 171598?
True
Is 5630862 a multiple of 947?
True
Does 573 divide 29849289?
True
Does 14 divide 24150?
True
Does 42 divide 962584?
False
Does 36 divide 117766?
False
Is 2 a factor of 780038?
True
Is 5 a factor of 134200?
True
Does 4 divide 855809?
False
Is 930425 a multiple of 129?
False
Does 3 divide 32245?
False
Is 544670 a multiple of 434?
True
Is 136475 a multiple of 103?
True
Is 5151343 a multiple of 9?
False
Does 205 divide 6052420?
True
Is 24 a factor of 99870?
False
Does 14 divide 10928064?
True
Is 6 a factor of 598218?
True
Does 8 divide 45008?
True
Does 222 divide 228517?
False
Is 1243 a factor of 4945897?
True
Does 197 divide 4171597?
False
Is 273 a factor of 309855?
True
Does 1317 divide 4469979?
False
Is 92858 a multiple of 58?
True
Does 59 divide 1264429?
True
Is 108 a factor of 6781822?
False
Does 974 divide 6016398?
True
Does 70 divide 116480?
True
Is 1276506 a multiple of 297?
True
Is 71 a factor of 4409?
False
Is 119 a factor of 483362?
False
Does 1064 divide 775907?
False
Is 100285 a multiple of 25?
False
Does 18 divide 499914?
True
Does 16 divide 31208?
False
Is 140 a factor of 148400?
True
Is 26727548 a multiple of 801?
False
Does 53 divide 941916?
True
Is 21 a factor of 95442?
False
Does 437 divide 1453462?
True
Is 37970 a multiple of 241?
False
Is 808 a factor of 575296?
True
Is 68135 a multiple of 34?
False
Is 4493651 a multiple of 47?
False
Is 26 a factor of 69394?
True
Is 1207800 a multiple of 5?
True
Is 239 a factor of 175853?
False
Is 3 a factor of 44?
False
Does 150 divide 433264?
False
Does 3 divide 110947?
False
Is 553 a factor of 85715?
True
Is 7523370 a multiple of 5?
True
Is 1159710 a multiple of 258?
True
Does 6 divide 4152750?
True
Does 56 divide 5330920?
True
Is 11 a factor of 135058?
True
Does 13 divide 1614989?
False
Is 387434 a multiple of 614?
True
Does 16 divide 349066?
False
Is 236 a factor of 143252?
True
Is 7 a factor of 245091?
True
Does 44 divide 270024?
False
Is 7336 a multiple of 13?
False
Does 26 divide 574346?
False
Does 80 divide 549770?
False
Does 98 divide 808500?
True
Is 39 a factor of 1369173?
True
Is 21 a factor of 6670125?
True
Is 759690 a multiple of 11?
False
Is 164 a factor of 3791680?
True
Does 89 divide 1535428?
True
Does 48 divide 132547?
False
Is 12839010 a multiple of 30?
True
Is 1122146 a multiple of 21?
False
Is 468802 a multiple of 157?
True
Does 25 divide 4753275?
True
Does 33 divide 2053183?
False
Does 68 divide 1564617?
False
Is 225097 a multiple of 48?
False
Is 91 a factor of 285194?
True
Does 35 divide 358040?
False
Is 48 a factor of 10643998?
False
Does 37 divide 37148?
True
Does 32 divide 4829159?
False
Is 355676 a multiple of 362?
False
Is 458887 a multiple of 20?
False
Is 291 a factor of 31137?
True
Is 18 a factor of 30026?
False
Is 77 a factor of 529357?
False
Is 21 a factor of 10797591?
True
Is 61 a factor of 3024197?
True
Is 71 a factor of 3498454?
True
Does 8 divide 344096?
True
Is 3410546 a multiple of 273?
False
Does 4 divide 102408?
True
Does 40 divide 123080?
True
Is 791420 a multiple of 7?
True
Does 3 divide 165901?
False
Does 567 divide 1091475?
True
Is 45537 a multiple of 353?
True
Is 58326 a multiple of 3?
True
Is 646786 a multiple of 7?
True
Is 4750174 a multiple of 826?
False
Does 17 divide 2349995?
True
Is 204 a factor of 4336056?
False
Is 93456 a multiple of 72?
True
Does 488 divide 9093392?
True
Does 7 divide 1064896?
True
Is 8 a factor of 774056?
True
Does 82 divide 15826?
True
Does 42 divide 9072210?
True
Is 171020 a multiple of 340?
True
Is 609781 a multiple of 5?
False
Is 306 a factor of 5112536?
False
Is 232110 a multiple of 94?
False
Is 4750 a multiple of 12?
False
Does 13 divide 9548?
False
Is 10717366 a multiple of 30?
False
Is 3 a factor of 18792?
True
Does 34 divide 602616?
True
Is 990 a factor of 184620?
False
Does 99 divide 106128?
True
Does 75 divide 6075890?
False
Is 131 a factor of 14114070?
False
Does 103 divide 203820?
False
Is 70 a factor of 346850?
True
Does 6 divide 153492?
True
Is 64 a factor of 572672?
True
Does 645 divide 288315?
True
Is 30 a factor of 879844?
False
Does 32 divide 63840?
True
Does 3 divide 110933?
False
Is 1741448 a multiple of 5?
False
Is 143 a factor of 12869142?
True
Is 266893 a multiple of 339?
False
Is 124 a factor of 247790?
False
Does 25 divide 258525?
True
Is 39 a factor of 1887093?
True
Is 1846976 a multiple of 1071?
False
Is 27 a factor of 818539?
False
Is 1750952 a multiple of 14?
True
Is 641 even?
False
Does 68 divide 15164?
True
Is 2932488 a multiple of 676?
True
Is 609868 a multiple of 20?
False
Is 1982124 a multiple of 376?
False
Does 44 divide 78320?
True
Is 769012 a multiple of 17?
True
Is 525500 a multiple of 500?
True
Is 89872 a multiple of 41?
True
Is 75 a factor of 224475?
True
Is 17280524 a multiple of 1882?
True
Is 42290 a multiple of 7?
False
Does 210 divide 229110?
True
Does 6 divide 145885?
False
Is 287070 a multiple of 105?
True
Does 64 divide 551296?
True
Is 220934 a multiple of 40?
False
Does 349 divide 205647?
False
Is 1088144 a multiple of 752?
True
Is 46 a factor of 1039004?
False
Is 1121344 a multiple of 14?
True
Is 25 a factor of 26952?
False
Is 14568 a multiple of 6?
True
Is 265096 a multiple of 13?
True
Does 48 divide 279857?
False
Does 88 divide 3084063?
False
Is 46367 a multiple of 11?
False
Does 786 divide 1722912?
True
Does 28 divide 235480?
True
Is 262191 a multiple of 120?
False
Is 7482354 a multiple of 11?
True
Is 7147744 a multiple of 94?
False
Does 190 divide 4081770?
True
Is 874827 a multiple of 22?
False
Is 194373 a multiple of 313?
True
Is 49569 a multiple of 403?
True
Is 1453286 a multiple of 886?
False
Is 607920 a multiple of 12?
True
Is 204711 a multiple of 48?
False
Does 191 divide 508060?
True
Is 10 a factor of 3484001?
False
Is 116 a factor of 149072?
False
Is 5753975 a multiple of 51?
False
Is 3744381 a multiple of 859?
True
Does 37 divide 358437?
False
Is 326680 a multiple of 40?
True
Does 4 divide 74759?
False
Is 595913 a multiple of 955?
False
Is 262375 a multiple of 25?
True
Is 615441 a multiple of 757?
True
Does 89 divide 342803?
False
Is 718 a factor of 5326124?
True
Is 115 a multiple of 68?
False
Is 4478122 a multiple of 319?
True
Is 176115 a multiple of 5?
True
Is 28 a factor of 58632?
True
Does 220 divide 4820200?
True
Is 932 a factor of 2954440?
True
Does 4 divide 429574?
False
Is 70337 a multiple of 32?
False
Is 6856650 a multiple of 18?
True
Is 8 a factor of 3918?
False
Does 449 divide 7856?
False
Is 1502140 a multiple of 10?
True
Is 1313724 a multiple of 498?
True
Is 27 a factor of 171115?
False
Does 22 divide 29106?
True
Is 21756 a multiple of 294?
True
Does 6 divide 1679?
False
Is 275652 a multiple of 468?
True
Is 242 a factor of 439714?
True
Is 7483457 a multiple of 1691?
False
Is 94 a factor of 1384150?
True
Is 19 a factor of 1760901?
True
Does 357 divide 109956?
True
Is 33 a factor of 522786?
True
Is 175 a factor of 592762?
False
Does 34 divide 108018?
True
Is 878902 even?
True
Is 449 a factor of 439122?
True
Does 17 divide 32844?
True
Is 99434 a multiple of 75?
False
Is 94333 a multiple of 17?
True
Does 3 divide 147?
True
Is 8 a factor of 21136?
True
Is 140760 a multiple of 15?
True
Is 26 a factor of 389818?
True
Is 10 a factor of 921